What are the prime factors of (49431 + -1)/(((-42)/(-126))/((-1)/(-6)))?
5, 4943
Let s(p) = -1419*p - 335. List the prime factors of s(-5).
2, 5, 13
Let m = -2975 + 4358. Suppose 0*i + i + 4*o = 708, -2*i + 3*o = -m. What are the prime factors of i?
2, 3, 29
Let c(i) = 5*i**2 + 4*i + 113. Let w be -34*(-24)/(-64) + 3/(-12). What are the prime factors of c(w)?
2, 3, 151
Suppose 2*b = 5*b - 828. Let l = 258 + b. Suppose -3*s - 318 = -6*s - 2*t, 2*t = -5*s + l. What are the prime factors of s?
2, 3
Let o(r) = -205*r - 1263. List the prime factors of o(-48).
3, 953
Suppose -o + 0*o = -270. Let g(q) = -q**3 + 26*q**2 + 29*q - 37. Let f be g(27). Suppose 7*v - f*v = -o. What are the prime factors of v?
3
Let r be (3 + 6/(-3))/(-1)*-1. Let p be (16/16)/(r/(-6)). List the prime factors of 24/p + 251 + 1.
2, 31
Let i be ((-6)/(-9) - (-2)/(-6))*3. Suppose -4*r + 8 = 3*d - i, 5*r - 12 = -3*d. Suppose 392 = 3*k - a + 5*a, 5*k + r*a - 657 = 0. List the prime factors of k.
2, 3, 11
Suppose 22*t + 5*t + 187117 = 560527. What are the prime factors of t?
2, 3, 5, 461
Let j be -4 - (-115)/30 - (-100)/24. Let t(w) = 2*w**2 + 4*w + 2. What are the prime factors of t(j)?
2, 5
Let f be (-87)/(-232) + 9/(-24). Suppose 5*r = k + 921, f = 5*r - 0*k - 4*k - 924. List the prime factors of r.
2, 23
Let b be ((-96)/40)/((-6)/(-20)). Let k be 4*((-12)/b + 1). Let h = k - 8. What are the prime factors of h?
2
Let j = 315 - 324. List the prime factors of 4698/(-6)*3/j.
3, 29
Let i(v) = -71*v - 115*v - 50*v. Let s be i(-1). Let z = s + -148. List the prime factors of z.
2, 11
Let x = -454 - -456. Suppose 5*g - 7535 = 4*v - v, 0 = x*g + 3*v - 3014. What are the prime factors of g?
11, 137
Let y(k) = 101*k**2 + 16*k + 57. List the prime factors of y(-10).
13, 769
Let c be (3/9)/1*(2 + 16). Suppose -1235 = -5*g - 5*j, 5*j - j - 259 = -g. Suppose c*v - 105 = g. List the prime factors of v.
2, 29
Let j(d) = d**2 + 2*d + 1. Let v be j(-3). Suppose -v*n + 6 = 22. What are the prime factors of 1*(4/n - (-43 + -1))?
43
Suppose -10*b - 5 = -5*b + 5*m, 4 = 5*b - 4*m. Suppose 11*n - 7*n - 1224 = b. What are the prime factors of n?
2, 3, 17
Suppose -y - 3*a + 8760 = 0, 32517 = 5*y + 4*a - 11206. What are the prime factors of y?
3, 971
Let v(o) = -o**3 + 6*o**2 + 4*o + 28. Let p be 6/((-12)/1) - 687/(-6). Let h = 120 - p. What are the prime factors of v(h)?
2, 13
Let d be 234/(-5) - 13/((-715)/(-66)). List the prime factors of d*(-34 + -3)*1.
2, 3, 37
Let n be (-2028 - 5)/(2/(-6)*1). Suppose -n + 169 = -5*t. What are the prime factors of (-7)/(-42) - t/(-12)?
3, 11
Suppose 5*u = t + t + 12, 0 = -5*t - 2*u - 1. Let c be 2 - (-3)/t - 12/(-4). Suppose -426 = c*j - 4*j. List the prime factors of j.
3, 71
What are the prime factors of -3*(-24898)/14 - (-264)/(-924)?
5, 11, 97
Suppose 0 = -a + 100 - 22. Let l(n) = 18*n**3 + n**2 + n + 1. Let q be l(-1). Let k = a + q. What are the prime factors of k?
61
Let v(a) = a**2 - 15*a + 56. Let j be v(6). What are the prime factors of 2/4*(288 - j)?
11, 13
Let p be 2266/4 + (-2)/4. Let j = -319 + p. Let g = j + -119. What are the prime factors of g?
2
Let y(v) = -23*v + 3. Let k be y(-3). Suppose -11*q = -9*q + 4*j - 164, 3*j = -5*q + 424. What are the prime factors of (q/(-8))/((-6)/k)?
3, 43
Suppose -24 = 2*h + 4*u, -4*u = 3*h - 2 + 36. Let m(q) = q**2 + 2*q - 17. Let r(f) = f - 1. Let s(d) = m(d) + 2*r(d). List the prime factors of s(h).
41
Let f(b) = -b**2 + 14*b - 11. Let l be f(13). Let v be -3 + (-6)/(-2) + l. Suppose -w + d = -v*d - 34, 2*w - 64 = 5*d. What are the prime factors of w?
2, 11
Suppose -45*u + 42537 = -114896 + 43133. List the prime factors of u.
2, 5, 127
Suppose 0 = -4*k - r - r + 115120, 2*r = 2*k - 57578. What are the prime factors of k?
107, 269
Let y be (5 + 7)*(2 + 6/(-4)). List the prime factors of (-5 - 3)/(y/(-246)).
2, 41
Let s(v) = 1253*v**2 - 7*v + 7. Suppose -16*j - 5 = -21. What are the prime factors of s(j)?
7, 179
Let i be 50*20/(-15)*9/(-30). List the prime factors of 56/2*(735/i + -4).
7, 131
Suppose -2*a + 3*a + j = 13161, 4*a - 52630 = 3*j. What are the prime factors of (-1 + a)/9 - -2?
2, 3, 61
Let k = 64 - 31. Suppose 3*z - 160 = 2*x, 4*z + 3*x - 169 - k = 0. Suppose -a + 32 = -z. What are the prime factors of a?
2, 3, 7
Let y be (-1 - (5 - 2)) + (-9660)/(-35). Let b = 146 + 136. Suppose 0 = -2*w + 3*f - 4*f + b, -4*f = -2*w + y. List the prime factors of w.
2, 5, 7
Suppose -x = -15*x + 42. Suppose 2*m + 2*t = 340, m - 166 = -2*t - x*t. What are the prime factors of m?
3, 19
Suppose -2850*c + 2837*c = -68601. List the prime factors of c.
3, 1759
Suppose 0 = -22*h + 24*h - 10534. List the prime factors of h.
23, 229
Let o(p) = -224*p + 18. Let k(c) = c**3 + 9*c**2 + 17*c - 11. Let g be k(-6). List the prime factors of o(g).
2, 569
Suppose -4*u - 306 = -7*u. Suppose -u + 8 = -2*x. List the prime factors of x.
47
Suppose 172749 - 64725 = 7*j. List the prime factors of j.
2, 3, 643
Suppose -3*d = 3*s - 15, 7*s + 25 = 2*s + 5*d. Suppose s = u + 163 + 7. List the prime factors of (-16)/(-6)*(u/(-4) - -1).
2, 29
Let q(y) = 303*y + 11. Let t(i) = -152*i - 5. Let s(v) = -6*q(v) - 13*t(v). Let m be s(-1). List the prime factors of (27 - 26)/((-1)/m).
3, 53
Suppose 3*v - 3*h - 451 = 3281, -h = v - 1246. List the prime factors of v.
3, 5, 83
Let d be (-915)/4 - ((-75)/20 + 3). Let q = d + 77. Let g = q - -211. What are the prime factors of g?
2, 3, 5
List the prime factors of (-27233 - (5 - 7))/(-14 + 13).
3, 29, 313
Let a(l) = 8*l - l**2 + 3*l**3 - 1779 - 2*l**3 + 1771 + 5*l**2. What are the prime factors of a(5)?
257
Let u(g) be the third derivative of g**5/30 - 13*g**4/24 - 7*g**3/6 + 36*g**2. Let l be u(-8). Suppose 3*s = 267 + l. What are the prime factors of s?
2, 41
Suppose f = -g - 7, 0 = f - 0*f + 4*g + 13. Let d be ((-1)/f*0)/3. Suppose d = 4*s - 142 - 38. List the prime factors of s.
3, 5
List the prime factors of (2 - (-2 + -3))*-1 - (65 - 8654).
2, 7, 613
Suppose -15*k = -99221 + 30851. List the prime factors of k.
2, 43, 53
Let q = -1141 - -1146. Let l = -532 - -1174. Suppose -r - l = -3*m, q*r - 158 = 2*m - 599. List the prime factors of m.
3, 71
Let p(a) = -6*a**2 + 57*a + 26. Let d be p(17). Let i = d + 1290. List the prime factors of i.
19, 29
Let c(q) = 18*q + 115. Let y be c(-7). What are the prime factors of (1 - -1)*(y - 1820/(-13))?
2, 3, 43
Suppose -21*c = -26*c - 4*j - 3734, -4*c = -4*j + 3016. Let a = c - -1197. List the prime factors of a.
3, 149
List the prime factors of (3451248/486)/(6/(-15) - 16/(-15)).
2, 2663
Let l be -394 - 0/(4/20*5). Let p = 557 + l. What are the prime factors of p?
163
Let o be 0 + 6 + (-2 - -9). Suppose o*f - 5133 + 128 = 0. What are the prime factors of f?
5, 7, 11
Let f be ((-1)/(-8))/(1/18)*8. Suppose -2*q - 202 = -2*r - f, 4*r = -4*q - 328. Let m = q - -132. List the prime factors of m.
3, 5
Let n be (-56)/7*(3 + 898/(-8)). Suppose 0 = 11*l + 8*l - n. List the prime factors of l.
2, 23
Let q = 160 + -154. Suppose q*i = 6 + 318. List the prime factors of i.
2, 3
Suppose -3*c + 5*j = -23124, -4*j = 284*c - 286*c + 15416. What are the prime factors of c?
2, 41, 47
Let c = -631 - -666. Suppose c*q - 5434 = 24*q. List the prime factors of q.
2, 13, 19
Let w(x) = -23*x + 43. Let k be w(-10). Let y = k - 145. Let i = y - -110. What are the prime factors of i?
2, 7, 17
Let u = 189 + -102. Suppose 2*d + 355 = -3*d - 5*t, -5*d = 3*t + 349. Let y = u + d. What are the prime factors of y?
19
Let o(q) = -18*q**3 - 3*q - 2. Let d(a) = 54*a**3 + a**2 + 9*a + 6. Let l(i) = -2*d(i) - 7*o(i). What are the prime factors of l(3)?
479
Let p = 502 + 555. Suppose -5*k + 5*f = 3*f - 1346, 4*k + 5*f = p. List the prime factors of k.
2, 67
Let h(n) be the second derivative of -48*n**5/5 - n**4/12 - n**3/3 - n**2/2 - 17*n. Let m be h(-1). List the prime factors of (((-32)/3)/4)/((-4)/m).
2
Suppose 3*u - 516 = 4*l, 3*u + 2*l = -u + 710. Suppose s - 346 = u. What are the prime factors of s?
2, 3, 29
Let o = 31 + 35. Let d(b) = b**3 - 17*b**2 - 4*b + 47. Let y be d(17). Let u = y + o. List the prime factors of u.
3, 5
Let s be (-24)/84 + 10602/14. Let o = s + -483. What are the prime factors of o?
2, 137
What are the prime factors of 2/8 - (-18)/288*27788?
3, 193
List the prime factors of 